the remainder when 668640 is divided by 10961.
19
What is the remainder when 16369 is divided by 47?
13
What is the remainder when 11258 is divided by 139?
138
Calculate the remainder when 1250 is divided by 607.
36
Calculate the remainder when 2663 is divided by 76.
3
What is the remainder when 33740 is divided by 469?
441
Calculate the remainder when 4400 is divided by 88.
0
Calculate the remainder when 952 is divided by 453.
46
What is the remainder when 1367364 is divided by 107?
11
What is the remainder when 1350 is divided by 1168?
182
Calculate the remainder when 213165 is divided by 19378.
7
Calculate the remainder when 18757 is divided by 4682.
29
What is the remainder when 4665 is divided by 42?
3
What is the remainder when 538336 is divided by 1607?
1598
What is the remainder when 24106 is divided by 34?
0
What is the remainder when 4098 is divided by 61?
11
What is the remainder when 19231 is divided by 118?
115
Calculate the remainder when 373900 is divided by 363.
10
Calculate the remainder when 10200 is divided by 13.
8
Calculate the remainder when 26968 is divided by 198.
40
What is the remainder when 1700 is divided by 755?
190
What is the remainder when 1555 is divided by 75?
55
What is the remainder when 27361 is divided by 1710?
1
Calculate the remainder when 57671 is divided by 23.
10
What is the remainder when 964 is divided by 750?
214
Calculate the remainder when 135 is divided by 134.
1
Calculate the remainder when 4594 is divided by 327.
16
What is the remainder when 5181 is divided by 761?
615
What is the remainder when 23661 is divided by 709?
264
What is the remainder when 13388 is divided by 1217?
1
Calculate the remainder when 187820 is divided by 46.
2
Calculate the remainder when 7840 is divided by 1410.
790
Calculate the remainder when 117206 is divided by 14.
12
What is the remainder when 2362 is divided by 142?
90
Calculate the remainder when 22785 is divided by 314.
177
What is the remainder when 761 is divided by 64?
57
What is the remainder when 3935 is divided by 246?
245
Calculate the remainder when 72868 is divided by 55.
48
Calculate the remainder when 3025 is divided by 589.
80
Calculate the remainder when 510135 is divided by 121.
120
Calculate the remainder when 150221 is divided by 428.
421
What is the remainder when 228549 is divided by 35?
34
What is the remainder when 3249 is divided by 3247?
2
Calculate the remainder when 3399 is divided by 30.
9
Calculate the remainder when 179131 is divided by 591.
58
Calculate the remainder when 12509 is divided by 124.
109
What is the remainder when 88693 is divided by 122?
121
Calculate the remainder when 4981 is divided by 416.
405
Calculate the remainder when 3607 is divided by 1192.
31
Calculate the remainder when 2288 is divided by 60.
8
Calculate the remainder when 14526 is divided by 1037.
8
What is the remainder when 46937 is divided by 9379?
42
What is the remainder when 1662 is divided by 413?
10
What is the remainder when 316457 is divided by 835?
827
What is the remainder when 12748 is divided by 12734?
14
What is the remainder when 14640 is divided by 4716?
492
What is the remainder when 132495 is divided by 2?
1
Calculate the remainder when 63336 is divided by 10.
6
Calculate the remainder when 537 is divided by 54.
51
Calculate the remainder when 8164 is divided by 1322.
232
What is the remainder when 119336 is divided by 13?
9
What is the remainder when 3776 is divided by 324?
212
Calculate the remainder when 234585 is divided by 452.
449
What is the remainder when 1352 is divided by 220?
32
What is the remainder when 136566 is divided by 167?
127
Calculate the remainder when 36686 is divided by 12.
2
Calculate the remainder when 6553 is divided by 3157.
239
Calculate the remainder when 341670 is divided by 170835.
0
What is the remainder when 1932755 is divided by 207?
203
What is the remainder when 17887 is divided by 1372?
51
What is the remainder when 84243 is divided by 7020?
3
What is the remainder when 6984 is divided by 2920?
1144
Calculate the remainder when 120000 is divided by 59986.
28
What is the remainder when 130339 is divided by 49?
48
Calculate the remainder when 11537 is divided by 20.
17
What is the remainder when 1357 is divided by 82?
45
Calculate the remainder when 9938 is divided by 26.
6
What is the remainder when 130567 is divided by 43518?
13
Calculate the remainder when 52415 is divided by 43.
41
What is the remainder when 6084 is divided by 64?
4
Calculate the remainder when 16850 is divided by 267.
29
Calculate the remainder when 688 is divided by 85.
8
What is the remainder when 1975 is divided by 20?
15
Calculate the remainder when 8909 is divided by 4443.
23
Calculate the remainder when 1849 is divided by 84.
1
Calculate the remainder when 13971 is divided by 411.
408
What is the remainder when 135094 is divided by 72?
22
What is the remainder when 128681 is divided by 95?
51
Calculate the remainder when 124564 is divided by 23.
19
Calculate the remainder when 6383 is divided by 1555.
163
What is the remainder when 25191 is divided by 86?
79
Calculate the remainder when 158614 is divided by 170.
4
What is the remainder when 490341 is divided by 281?
277
What is the remainder when 658258 is divided by 327?
7
What is the remainder when 26073 is divided by 13014?
45
What is the remainder when 4173 is divided by 49?
8
Calculate the remainder when 377693 is divided by 22.
19
Calculate the remainder when 6241 is divided by 1248.
1
What is the remainder when 213527 is divided by 1310?
1307
What is the remainder when 14636 is divided by 386?
354
What is the remainder when 3180229 is divided by 70?
59
Calculate the remainder when 9465 is divided by 210.
15
Calculate the remainder when 4445 is divided by 51.
8
Calculate the remainder when 204486 is divided by 25.
11
Calculate the remainder when 515295 is divided by 2629.
11
What is the remainder when 29267 is divided by 946?
887
What is the remainder when 93332 is divided by 31110?
2
Calculate the remainder when 68851 is divided by 12.
7
What is the remainder when 86941 is divided by 494?
491
Calculate the remainder when 12656 is divided by 1805.
21
Calculate the remainder when 3610 is divided by 189.
19
Calculate the remainder when 12879 is divided by 31.
14
What is the remainder when 443 is divided by 239?
204
Calculate the remainder when 49742 is divided by 600.
542
What is the remainder when 36650 is divided by 77?
75
What is the remainder when 81683 is divided by 81657?
26
What is the remainder when 896247 is divided by 31?
6
What is the remainder when 8075 is divided by 197?
195
What is the remainder when 87778 is divided by 42?
40
Calculate the remainder when 729 is divided by 67.
59
What is the remainder when 6484 is divided by 1441?
720
Calculate the remainder when 3666659 is divided by 429.
425
What is the remainder when 3843 is divided by 294?
21
What is the remainder when 14269 is divided by 8?
5
Calculate the remainder when 2510 is divided by 1231.
48
Calculate the remainder when 3034 is divided by 502.
22
Calculate the remainder when 1643 is divided by 1572.
71
Calculate the remainder when 952 is divided by 260.
172
What is the remainder when 40402 is divided by 454?
450
Calculate the remainder when 406047 is divided by 1128.
1095
What is the remainder when 8341 is divided by 384?
277
Calculate the remainder when 4808 is divided by 2294.
220
What is the remainder when 2495 is divided by 348?
59
What is the remainder when 35721 is divided by 793?
36
Calculate the remainder when 8391 is divided by 299.
19
Calculate the remainder when 21239 is divided by 97.
93
What is the remainder when 5154 is divided by 1701?
51
Calculate the remainder when 3887 is divided by 141.
80
Calculate the remainder when 7054 is divided by 606.
388
What is the remainder when 71791 is divided by 72?
7
Calculate the remainder when 932 is divided by 321.
290
Calculate the remainder when 327531 is divided by 31.
16
Calculate the remainder when 22126 is divided by 125.
1
What is the remainder when 3400 is divided by 387?
304
Calculate the remainder when 28041 is divided by 532.
377
Calculate the remainder when 5185 is divided by 19.
17
What is the remainder when 187395 is divided 